greatest common factor of 64 and 7?
1
What is the highest common factor of 17 and 36?
1
Calculate the highest common factor of 354 and 48.
6
Calculate the greatest common factor of 351 and 559.
13
What is the greatest common factor of 1554 and 98?
14
What is the greatest common factor of 204 and 2499?
51
What is the greatest common divisor of 3652 and 2158?
166
Calculate the greatest common factor of 98 and 1078.
98
Calculate the greatest common factor of 850 and 100.
50
What is the greatest common factor of 132 and 330?
66
Calculate the highest common divisor of 250 and 40.
10
Calculate the highest common divisor of 72 and 60.
12
Calculate the highest common factor of 29325 and 150.
75
Calculate the greatest common divisor of 9975 and 190.
95
Calculate the highest common divisor of 750 and 6.
6
What is the greatest common factor of 964 and 48?
4
Calculate the greatest common divisor of 36 and 9852.
12
Calculate the greatest common factor of 22 and 9603.
11
What is the greatest common divisor of 9 and 4?
1
What is the highest common factor of 1807 and 52?
13
Calculate the greatest common factor of 247 and 49153.
247
Calculate the highest common factor of 38 and 14.
2
What is the greatest common factor of 546 and 21?
21
Calculate the greatest common divisor of 104 and 18044.
52
What is the greatest common divisor of 261 and 21402?
261
Calculate the highest common factor of 847 and 7.
7
Calculate the greatest common factor of 18 and 264.
6
Calculate the highest common factor of 18 and 6282.
18
What is the greatest common factor of 1210 and 44?
22
What is the greatest common factor of 195 and 78?
39
What is the highest common factor of 161 and 92?
23
Calculate the greatest common divisor of 27 and 3267.
27
What is the greatest common divisor of 4784 and 13?
13
Calculate the highest common divisor of 3340 and 180.
20
What is the highest common factor of 1424 and 16?
16
What is the highest common divisor of 468 and 52?
52
Calculate the highest common factor of 238 and 2282.
14
What is the highest common divisor of 848 and 16?
16
What is the greatest common divisor of 1054 and 124?
62
Calculate the highest common divisor of 21715 and 202.
101
What is the highest common factor of 122 and 3050?
122
Calculate the highest common factor of 7 and 525.
7
What is the highest common divisor of 102 and 456?
6
Calculate the highest common factor of 8342 and 688.
86
What is the highest common factor of 103 and 2575?
103
Calculate the greatest common divisor of 3355 and 3965.
305
Calculate the highest common divisor of 2193 and 51.
51
What is the highest common factor of 918 and 102?
102
What is the greatest common divisor of 25472 and 384?
128
Calculate the greatest common factor of 276 and 108.
12
What is the greatest common divisor of 2177 and 49?
7
What is the greatest common factor of 17958 and 123?
123
Calculate the greatest common factor of 222 and 402.
6
What is the greatest common factor of 1557 and 81?
9
What is the greatest common factor of 55 and 5335?
55
Calculate the highest common divisor of 96 and 44832.
96
Calculate the highest common factor of 9195 and 15.
15
Calculate the highest common factor of 152 and 40.
8
What is the highest common factor of 238 and 187?
17
What is the greatest common divisor of 216 and 360?
72
What is the greatest common factor of 80 and 2520?
40
What is the greatest common divisor of 36 and 916?
4
Calculate the highest common divisor of 1372 and 4.
4
Calculate the highest common divisor of 68 and 238.
34
What is the greatest common factor of 70 and 455?
35
What is the greatest common divisor of 16 and 23560?
8
Calculate the greatest common divisor of 109 and 13.
1
What is the greatest common factor of 1836 and 252?
36
What is the greatest common divisor of 64 and 8?
8
Calculate the highest common divisor of 689 and 106.
53
Calculate the highest common divisor of 64 and 592.
16
What is the greatest common divisor of 27 and 621?
27
Calculate the highest common factor of 2838 and 44.
22
Calculate the greatest common divisor of 6 and 96.
6
What is the greatest common factor of 24 and 6612?
12
Calculate the highest common divisor of 110 and 290.
10
What is the greatest common divisor of 12546 and 9?
9
Calculate the highest common divisor of 200 and 325.
25
What is the greatest common divisor of 640 and 40?
40
What is the highest common factor of 1840 and 40?
40
What is the greatest common divisor of 3708 and 103?
103
Calculate the highest common divisor of 703 and 133.
19
Calculate the greatest common divisor of 189 and 2541.
21
Calculate the greatest common divisor of 90 and 17190.
90
Calculate the greatest common divisor of 64 and 20.
4
What is the highest common divisor of 53 and 1007?
53
Calculate the greatest common factor of 363 and 66.
33
What is the greatest common factor of 10 and 170?
10
Calculate the greatest common divisor of 20976 and 92.
92
Calculate the greatest common factor of 26 and 4.
2
Calculate the highest common factor of 6489 and 105.
21
Calculate the highest common factor of 1508 and 116.
116
Calculate the highest common divisor of 420 and 2610.
30
What is the highest common factor of 100 and 75?
25
What is the highest common divisor of 2 and 134?
2
Calculate the greatest common divisor of 374 and 22.
22
Calculate the greatest common factor of 2993 and 73.
73
Calculate the highest common divisor of 425 and 323.
17
Calculate the greatest common factor of 7 and 252.
7
What is the greatest common divisor of 238 and 85?
17
Calculate the greatest common factor of 1310 and 10.
10
Calculate the greatest common factor of 4 and 28.
4
Calculate the highest common divisor of 40 and 3590.
10
Calculate the highest common divisor of 5 and 6245.
5
Calculate the greatest common factor of 11 and 121.
11
What is the highest common factor of 1139 and 17?
17
Calculate the highest common factor of 9 and 27.
9
What is the greatest common divisor of 12779 and 39?
13
What is the highest common factor of 51 and 7361?
17
What is the highest common factor of 115 and 23?
23
Calculate the highest common divisor of 8788 and 468.
52
What is the greatest common factor of 34 and 16?
2
What is the greatest common factor of 6 and 3966?
6
Calculate the highest common factor of 2544 and 48.
48
What is the highest common divisor of 119 and 153?
17
Calculate the highest common factor of 18001 and 94.
47
What is the greatest common divisor of 144 and 954?
18
What is the highest common factor of 65 and 3445?
65
What is the greatest common factor of 198 and 36?
18
What is the highest common factor of 890 and 130?
10
What is the greatest common divisor of 3318 and 63?
21
Calculate the highest common factor of 30 and 40.
10
Calculate the greatest common divisor of 45 and 310.
5
What is the greatest common divisor of 1 and 2?
1
Calculate the greatest common divisor of 208 and 464.
16
Calculate the highest common divisor of 4788 and 105.
21
Calculate the greatest common factor of 255 and 85.
85
Calculate the greatest common factor of 752 and 282.
94
What is the greatest common factor of 99 and 22?
11
Calculate the greatest common divisor of 235 and 141.
47
Calculate the greatest common divisor of 518 and 28.
14
Calculate the highest common divisor of 31 and 19561.
31
What is the greatest common factor of 390 and 143?
13
What is the greatest common divisor of 98 and 16?
2
What is the highest common divisor of 256 and 32?
32
What is the greatest common divisor of 42 and 714?
42
What is the highest common factor of 504 and 117?
9
Calculate the greatest common factor of 697 and 82.
41
What is the greatest common divisor of 32 and 81104?
16
What is the highest common divisor of 152 and 2?
2
Calculate the greatest common divisor of 2 and 2174.
2
What is the highest common divisor of 18163 and 41?
41
Calculate the highest common factor of 33 and 2409.
33
What is the greatest common divisor of 108 and 837?
27
Calculate the greatest common divisor of 34752 and 12.
12
What is the highest common factor of 740 and 100?
20
What is the highest common divisor of 1537 and 29?
29
What is the highest common divisor of 234 and 1417?
13
Calculate the greatest common divisor of 648 and 8.
8
Calculate the greatest common factor of 837 and 93.
93
What is the highe